{"id":147,"date":"2021-11-25T09:33:03","date_gmt":"2021-11-25T09:33:03","guid":{"rendered":"https:\/\/sv-velmeden.de\/?page_id=147"},"modified":"2025-07-04T11:29:45","modified_gmt":"2025-07-04T11:29:45","slug":"projekte","status":"publish","type":"page","link":"https:\/\/sv-velmeden.de\/startseite\/projekte\/","title":{"rendered":"Sportplatzsanierung"},"content":{"rendered":"\t\t<div data-elementor-type=\"wp-page\" data-elementor-id=\"147\" class=\"elementor elementor-147\">\n\t\t\t\t\t\t<section class=\"elementor-section elementor-top-section elementor-element elementor-element-a50b8ef elementor-section-boxed elementor-section-height-default elementor-section-height-default\" data-id=\"a50b8ef\" data-element_type=\"section\">\n\t\t\t\t\t\t<div class=\"elementor-container elementor-column-gap-default\">\n\t\t\t\t\t<div class=\"elementor-column elementor-col-100 elementor-top-column elementor-element elementor-element-2701a34\" data-id=\"2701a34\" data-element_type=\"column\">\n\t\t\t<div class=\"elementor-widget-wrap elementor-element-populated\">\n\t\t\t\t\t\t<div class=\"elementor-element elementor-element-5936a63 elementor-widget elementor-widget-text-editor\" data-id=\"5936a63\" data-element_type=\"widget\" data-widget_type=\"text-editor.default\">\n\t\t\t\t<div class=\"elementor-widget-container\">\n\t\t\t\t\t\t\t\t\t<p>Verfolgen Sie den Verlauf der Sportplatzsanierung<\/p>\t\t\t\t\t\t\t\t<\/div>\n\t\t\t\t<\/div>\n\t\t\t\t\t<\/div>\n\t\t<\/div>\n\t\t\t\t\t<\/div>\n\t\t<\/section>\n\t\t\t\t<section class=\"elementor-section elementor-top-section elementor-element elementor-element-45a6ec4 elementor-section-boxed elementor-section-height-default elementor-section-height-default\" data-id=\"45a6ec4\" data-element_type=\"section\">\n\t\t\t\t\t\t<div class=\"elementor-container elementor-column-gap-default\">\n\t\t\t\t\t<div class=\"elementor-column elementor-col-100 elementor-top-column elementor-element elementor-element-5d6d957\" data-id=\"5d6d957\" data-element_type=\"column\">\n\t\t\t<div class=\"elementor-widget-wrap elementor-element-populated\">\n\t\t\t\t\t\t<div class=\"elementor-element elementor-element-d6e824e elementor-widget elementor-widget-timeline-widget-addon\" data-id=\"d6e824e\" data-element_type=\"widget\" data-widget_type=\"timeline-widget-addon.default\">\n\t\t\t\t<div class=\"elementor-widget-container\">\n\t\t\t\t\t<!-- ========= Timeline Widget Addon For Elementor 1.6.8 ========= -->\n<div id=\"twae-wrapper-d6e824e\" class=\"twae-vertical twae-wrapper  twae-both-sided\">   \n    <div class=\"twae-start\"><\/div>    \n    <div id=\"twea-timeline-d6e824e\" class=\"twae-timeline\" ><!-- Story Year Label --><div class=\"twae-year twae-year-container story-year-b46a798\">\n\t\t\t\t\t<div class=\"twae-year-label twae-year-text\">2018<\/div>\n\t\t\t\t<\/div><!-- Start of Story Repeater Content --><div id=\"story-b46a798\" class=\"twae-story twae-repeater-item twae-story-right twae-story-no-icon\"><!-- Story Label --><div class=\"twae-labels\"><div class=\"twae-label-big\">Irgendwann im Laufe des Jahres<\/div><\/div><!-- Story Icon --><div class=\"twae-icon\"><i aria-hidden=\"true\" class=\"far fa-clock\"><\/i><\/div><!-- Story Arrow --><div class=\"twae-arrow\"><\/div><!-- Start of Story Content --><div class=\"twae-content\"><!-- Story Title --><div class=\"twae-title\">Sportplatz ist nicht mehr Nutzbar<\/div><!-- Story Image --><div class=\"twae-media medium\"><img fetchpriority=\"high\" decoding=\"async\" width=\"300\" height=\"169\" src=\"https:\/\/sv-velmeden.de\/wp-content\/uploads\/2022\/09\/DJI_0405-web-300x169.jpg\" class=\"attachment-medium size-medium\" alt=\"\" srcset=\"https:\/\/sv-velmeden.de\/wp-content\/uploads\/2022\/09\/DJI_0405-web-300x169.jpg 300w, https:\/\/sv-velmeden.de\/wp-content\/uploads\/2022\/09\/DJI_0405-web-1024x576.jpg 1024w, https:\/\/sv-velmeden.de\/wp-content\/uploads\/2022\/09\/DJI_0405-web-768x432.jpg 768w, https:\/\/sv-velmeden.de\/wp-content\/uploads\/2022\/09\/DJI_0405-web-1536x864.jpg 1536w, https:\/\/sv-velmeden.de\/wp-content\/uploads\/2022\/09\/DJI_0405-web.jpg 1920w\" sizes=\"(max-width: 300px) 100vw, 300px\" \/><\/div><!-- Story Description --><div class=\"twae-description\"><p>Maulw\u00fcrfe, W\u00fchlm\u00e4use, unzureichende Pflege, Wintertrainingsplatz... Es sind nur einige der Gr\u00fcnde warum der Sportplatz nicht mehr genutzt werden kann. Der schlechte Platzzustand ist seit Jahren bekannt und mit dem Ende der st\u00e4dtischen Pflegearbeiten im Rahmen des \"Rettungsschirms\" ist der Platz Jahr f\u00fcr Jahr schlechter geworden. Die SG Mei\u00dfner entschlie\u00dft sich den Spielbetrieb ausschlie\u00dflich in Laudenbach fortzusetzen. <\/p><\/div><\/div><\/div><!-- Story Year Label --><div class=\"twae-year twae-year-container story-year-ce4e1b5\">\n\t\t\t\t\t<div class=\"twae-year-label twae-year-text\">2021<\/div>\n\t\t\t\t<\/div><!-- Start of Story Repeater Content --><div id=\"story-ce4e1b5\" class=\"twae-story twae-repeater-item twae-story-left twae-story-no-icon\"><!-- Story Label --><div class=\"twae-labels\"><div class=\"twae-label-big\">Im Laufe des Jahres<\/div><\/div><!-- Story Icon --><div class=\"twae-icon\"><i aria-hidden=\"true\" class=\"far fa-clock\"><\/i><\/div><!-- Story Arrow --><div class=\"twae-arrow\"><\/div><!-- Start of Story Content --><div class=\"twae-content\"><!-- Story Title --><div class=\"twae-title\">Erste Planungen starten<\/div><!-- Story Image --><div class=\"twae-media medium\"><img decoding=\"async\" width=\"128\" height=\"128\" src=\"https:\/\/sv-velmeden.de\/wp-content\/uploads\/2021\/11\/1470399656_Branding.png\" class=\"attachment-medium size-medium\" alt=\"\" \/><\/div><!-- Story Description --><div class=\"twae-description\"><p>Der Sportplatz in Velmeden ist unbespielbar. Ein Gutachten hat ergeben, dass keinerlei Pflege mehr die Spieltauglichkeit widerherstellen kann. Die einzige M\u00f6glichkeit ist eine vollst\u00e4ndige Sanierung des Sportplatzes.<\/p><p>Nico Pfl\u00fcger erkl\u00e4rt sich bereit als Projektleiter zu agieren und verschafft sich mit Joachim Kraus einen \u00dcberblick zu F\u00f6rderm\u00f6glichkeiten. Schnell wird klar, dass es jede Menge b\u00fcrokratische H\u00fcrden zu meistern gibt. <\/p><p>Zudem werden erste Angebote\/Gutachten eingeholt.<\/p><\/div><\/div><\/div><!-- Story Year Label --><div class=\"twae-year twae-year-container story-year-8b9bf77\">\n\t\t\t\t\t<div class=\"twae-year-label twae-year-text\">2022<\/div>\n\t\t\t\t<\/div><!-- Start of Story Repeater Content --><div id=\"story-8b9bf77\" class=\"twae-story twae-repeater-item twae-story-right twae-story-no-icon\"><!-- Story Label --><div class=\"twae-labels\"><div class=\"twae-label-big\">Januar-September<\/div><\/div><!-- Story Icon --><div class=\"twae-icon\"><i aria-hidden=\"true\" class=\"far fa-clock\"><\/i><\/div><!-- Story Arrow --><div class=\"twae-arrow\"><\/div><!-- Start of Story Content --><div class=\"twae-content\"><!-- Story Title --><div class=\"twae-title\">F\u00f6rderantr\u00e4ge gestellt<\/div><!-- Story Image --><div class=\"twae-media medium\"><img decoding=\"async\" width=\"300\" height=\"300\" src=\"https:\/\/sv-velmeden.de\/wp-content\/uploads\/2021\/11\/1470399614_Social_Media-300x300.png\" class=\"attachment-medium size-medium\" alt=\"\" srcset=\"https:\/\/sv-velmeden.de\/wp-content\/uploads\/2021\/11\/1470399614_Social_Media-300x300.png 300w, https:\/\/sv-velmeden.de\/wp-content\/uploads\/2021\/11\/1470399614_Social_Media-150x150.png 150w, https:\/\/sv-velmeden.de\/wp-content\/uploads\/2021\/11\/1470399614_Social_Media.png 512w\" sizes=\"(max-width: 300px) 100vw, 300px\" \/><\/div><!-- Story Description --><div class=\"twae-description\"><p>Mit der Hilfe von Joachim bereitet Nico akribisch die F\u00f6rderantr\u00e4ge vor. Unterlagen werden zusammengetragen, Begr\u00fcndungen m\u00fcssen formuliert werden. Letztlich werden die F\u00f6rderantr\u00e4ge bewilligt. Die Finanzierung steht \"fast\".<\/p><\/div><\/div><\/div><!-- Start of Story Repeater Content --><div id=\"story-cb5819b\" class=\"twae-story twae-repeater-item twae-story-left twae-story-no-icon\"><!-- Story Label --><div class=\"twae-labels\"><div class=\"twae-label-big\">16. September<\/div><\/div><!-- Story Icon --><div class=\"twae-icon\"><i aria-hidden=\"true\" class=\"far fa-clock\"><\/i><\/div><!-- Story Arrow --><div class=\"twae-arrow\"><\/div><!-- Start of Story Content --><div class=\"twae-content\"><!-- Story Title --><div class=\"twae-title\">Gro\u00dfe Crowdfounding Aktion startet<\/div><!-- Story Image --><div class=\"twae-media medium\"><img loading=\"lazy\" decoding=\"async\" width=\"256\" height=\"256\" src=\"https:\/\/sv-velmeden.de\/wp-content\/uploads\/2022\/06\/startup.png\" class=\"attachment-medium size-medium\" alt=\"\" srcset=\"https:\/\/sv-velmeden.de\/wp-content\/uploads\/2022\/06\/startup.png 256w, https:\/\/sv-velmeden.de\/wp-content\/uploads\/2022\/06\/startup-150x150.png 150w\" sizes=\"(max-width: 256px) 100vw, 256px\" \/><\/div><!-- Story Description --><div class=\"twae-description\"><p>Im Rahmen der Sanierungsarbeiten m\u00fcssen neue Tore angeschafft werden. Das ambitionierte Ziel der Crowdfounding aktion bel\u00e4uft sich auf mindestens 5000\u20ac und 50 Unterst\u00fctzer. Jeden weiteren Euro k\u00f6nnen wir ebenfalls gut gebrauchen. Das Crowdfounding ist der letze Teil unser Finanzierung. Schlie\u00dfen wir diesen Teil erfolgreich ab, kann der Bauauftrag erteilt werden! Alle weiteren Infos zur Aktion unter folgendem Link:<br \/><a href=\"https:\/\/sv-velmeden.de\/startseite\/crowdfounding\/\">www.sv-velmeden.de\/startseite\/crowdfounding<\/a><\/p><p>bzw. auf der Spendenseite:<\/p><p><a href=\"https:\/\/www.viele-schaffen-mehr.de\/projekte\/sportplatz-velmeden-2022\/\">https:\/\/www.viele-schaffen-mehr.de\/projekte\/sportplatz-velmeden-2022\/<\/a><\/p><\/div><\/div><\/div><!-- Start of Story Repeater Content --><div id=\"story-7604ec6\" class=\"twae-story twae-repeater-item twae-story-right twae-story-no-icon\"><!-- Story Label --><div class=\"twae-labels\"><div class=\"twae-label-big\">Dezember<\/div><\/div><!-- Story Icon --><div class=\"twae-icon\"><i aria-hidden=\"true\" class=\"far fa-clock\"><\/i><\/div><!-- Story Arrow --><div class=\"twae-arrow\"><\/div><!-- Start of Story Content --><div class=\"twae-content\"><!-- Story Title --><div class=\"twae-title\">Crowdfounding erfolgreich abgeschlossen<\/div><!-- Story Image --><div class=\"twae-media large\"><img loading=\"lazy\" decoding=\"async\" width=\"1024\" height=\"683\" src=\"https:\/\/sv-velmeden.de\/wp-content\/uploads\/2021\/11\/football-g517dcfb3f_1920-1024x683.jpg\" class=\"attachment-large size-large\" alt=\"Fu\u00dfball\" srcset=\"https:\/\/sv-velmeden.de\/wp-content\/uploads\/2021\/11\/football-g517dcfb3f_1920-1024x683.jpg 1024w, https:\/\/sv-velmeden.de\/wp-content\/uploads\/2021\/11\/football-g517dcfb3f_1920-300x200.jpg 300w, https:\/\/sv-velmeden.de\/wp-content\/uploads\/2021\/11\/football-g517dcfb3f_1920-768x512.jpg 768w, https:\/\/sv-velmeden.de\/wp-content\/uploads\/2021\/11\/football-g517dcfb3f_1920-1536x1025.jpg 1536w, https:\/\/sv-velmeden.de\/wp-content\/uploads\/2021\/11\/football-g517dcfb3f_1920.jpg 1920w\" sizes=\"(max-width: 1024px) 100vw, 1024px\" \/><\/div><!-- Story Description --><div class=\"twae-description\"><p>Das Crowdfounding-Ziel wurde \u00fcbertroffen ! Die Finanzierung steht damit.<\/p><p>Unser Dank gilt allen Spenderinnen und Spendern!<\/p><\/div><\/div><\/div><!-- Story Year Label --><div class=\"twae-year twae-year-container story-year-4f626fd\">\n\t\t\t\t\t<div class=\"twae-year-label twae-year-text\">2023<\/div>\n\t\t\t\t<\/div><!-- Start of Story Repeater Content --><div id=\"story-4f626fd\" class=\"twae-story twae-repeater-item twae-story-left twae-story-no-icon\"><!-- Story Label --><div class=\"twae-labels\"><div class=\"twae-label-big\">Oktober<\/div><div class=\"twae-label-small\">Die Sanierung<\/div><\/div><!-- Story Icon --><div class=\"twae-icon\"><i aria-hidden=\"true\" class=\"far fa-clock\"><\/i><\/div><!-- Story Arrow --><div class=\"twae-arrow\"><\/div><!-- Start of Story Content --><div class=\"twae-content\"><!-- Story Title --><div class=\"twae-title\">Sanierung durch Firma Steuber<\/div><!-- Story Image --><div class=\"twae-media large\"><img loading=\"lazy\" decoding=\"async\" width=\"1024\" height=\"1024\" src=\"https:\/\/sv-velmeden.de\/wp-content\/uploads\/2024\/11\/PHOTO-2023-10-11-14-42-10-1024x1024.jpg\" class=\"attachment-large size-large\" alt=\"\" srcset=\"https:\/\/sv-velmeden.de\/wp-content\/uploads\/2024\/11\/PHOTO-2023-10-11-14-42-10-1024x1024.jpg 1024w, https:\/\/sv-velmeden.de\/wp-content\/uploads\/2024\/11\/PHOTO-2023-10-11-14-42-10-300x300.jpg 300w, https:\/\/sv-velmeden.de\/wp-content\/uploads\/2024\/11\/PHOTO-2023-10-11-14-42-10-150x150.jpg 150w, https:\/\/sv-velmeden.de\/wp-content\/uploads\/2024\/11\/PHOTO-2023-10-11-14-42-10-768x768.jpg 768w, https:\/\/sv-velmeden.de\/wp-content\/uploads\/2024\/11\/PHOTO-2023-10-11-14-42-10-1536x1536.jpg 1536w, https:\/\/sv-velmeden.de\/wp-content\/uploads\/2024\/11\/PHOTO-2023-10-11-14-42-10.jpg 2048w\" sizes=\"(max-width: 1024px) 100vw, 1024px\" \/><\/div><!-- Story Description --><div class=\"twae-description\"><p>In mehreren Arbeitsg\u00e4ngen wird der Boden neu aufbereitet, mit Sand aufgef\u00fcllt, begradigt und letztlich einges\u00e4t.<\/p><\/div><\/div><\/div><!-- Start of Story Repeater Content --><div id=\"story-4a1588f\" class=\"twae-story twae-repeater-item twae-story-right twae-story-no-icon\"><!-- Story Label --><div class=\"twae-labels\"><div class=\"twae-label-big\">November<\/div><\/div><!-- Story Icon --><div class=\"twae-icon\"><i aria-hidden=\"true\" class=\"far fa-clock\"><\/i><\/div><!-- Story Arrow --><div class=\"twae-arrow\"><\/div><!-- Start of Story Content --><div class=\"twae-content\"><!-- Story Title --><div class=\"twae-title\">Erste Ergebnisse sichtbar<\/div><!-- Story Image --><div class=\"twae-media large\"><img loading=\"lazy\" decoding=\"async\" width=\"1024\" height=\"768\" src=\"https:\/\/sv-velmeden.de\/wp-content\/uploads\/2024\/11\/PHOTO-2023-10-30-15-34-05-1024x768.jpg\" class=\"attachment-large size-large\" alt=\"\" srcset=\"https:\/\/sv-velmeden.de\/wp-content\/uploads\/2024\/11\/PHOTO-2023-10-30-15-34-05-1024x768.jpg 1024w, https:\/\/sv-velmeden.de\/wp-content\/uploads\/2024\/11\/PHOTO-2023-10-30-15-34-05-300x225.jpg 300w, https:\/\/sv-velmeden.de\/wp-content\/uploads\/2024\/11\/PHOTO-2023-10-30-15-34-05-768x576.jpg 768w, https:\/\/sv-velmeden.de\/wp-content\/uploads\/2024\/11\/PHOTO-2023-10-30-15-34-05-1536x1152.jpg 1536w, https:\/\/sv-velmeden.de\/wp-content\/uploads\/2024\/11\/PHOTO-2023-10-30-15-34-05.jpg 1600w\" sizes=\"(max-width: 1024px) 100vw, 1024px\" \/><\/div><!-- Story Description --><div class=\"twae-description\"><p>Erste Ergebnisse sind bereits sichtbar. Jedoch verhindert die Witterung, dass der Rasen bereits gegen Ende des Jahres gut w\u00e4chst. Ein wenig Skepsis kommt auf...<\/p><\/div><\/div><\/div><!-- Story Year Label --><div class=\"twae-year twae-year-container story-year-fcfbdee\">\n\t\t\t\t\t<div class=\"twae-year-label twae-year-text\">2024<\/div>\n\t\t\t\t<\/div><!-- Start of Story Repeater Content --><div id=\"story-fcfbdee\" class=\"twae-story twae-repeater-item twae-story-left twae-story-no-icon\"><!-- Story Label --><div class=\"twae-labels\"><div class=\"twae-label-big\">April<\/div><\/div><!-- Story Icon --><div class=\"twae-icon\"><i aria-hidden=\"true\" class=\"far fa-clock\"><\/i><\/div><!-- Story Arrow --><div class=\"twae-arrow\"><\/div><!-- Start of Story Content --><div class=\"twae-content\"><!-- Story Title --><div class=\"twae-title\">Der Sportplatz wird immer gr\u00fcner<\/div><!-- Story Image --><div class=\"twae-media large\"><img loading=\"lazy\" decoding=\"async\" width=\"1024\" height=\"1024\" src=\"https:\/\/sv-velmeden.de\/wp-content\/uploads\/2024\/11\/PHOTO-2024-05-14-12-58-29-1024x1024.jpg\" class=\"attachment-large size-large\" alt=\"\" srcset=\"https:\/\/sv-velmeden.de\/wp-content\/uploads\/2024\/11\/PHOTO-2024-05-14-12-58-29-1024x1024.jpg 1024w, https:\/\/sv-velmeden.de\/wp-content\/uploads\/2024\/11\/PHOTO-2024-05-14-12-58-29-300x300.jpg 300w, https:\/\/sv-velmeden.de\/wp-content\/uploads\/2024\/11\/PHOTO-2024-05-14-12-58-29-150x150.jpg 150w, https:\/\/sv-velmeden.de\/wp-content\/uploads\/2024\/11\/PHOTO-2024-05-14-12-58-29-768x768.jpg 768w, https:\/\/sv-velmeden.de\/wp-content\/uploads\/2024\/11\/PHOTO-2024-05-14-12-58-29-1536x1536.jpg 1536w, https:\/\/sv-velmeden.de\/wp-content\/uploads\/2024\/11\/PHOTO-2024-05-14-12-58-29.jpg 2048w\" sizes=\"(max-width: 1024px) 100vw, 1024px\" \/><\/div><!-- Story Description --><div class=\"twae-description\"><p>Das Ergebnis wird immer besser. Es wird von der Firma Steuber nachgearbeitet.<\/p><\/div><\/div><\/div><!-- Start of Story Repeater Content --><div id=\"story-6acd0ef\" class=\"twae-story twae-repeater-item twae-story-right twae-story-no-icon\"><!-- Story Label --><div class=\"twae-labels\"><div class=\"twae-label-big\">April-November<\/div><\/div><!-- Story Icon --><div class=\"twae-icon\"><i aria-hidden=\"true\" class=\"far fa-clock\"><\/i><\/div><!-- Story Arrow --><div class=\"twae-arrow\"><\/div><!-- Start of Story Content --><div class=\"twae-content\"><!-- Story Title --><div class=\"twae-title\">Gro\u00dfe Anstrengungen im Verein<\/div><!-- Story Image --><div class=\"twae-media large\"><img loading=\"lazy\" decoding=\"async\" width=\"1024\" height=\"768\" src=\"https:\/\/sv-velmeden.de\/wp-content\/uploads\/2024\/10\/PHOTO-2024-08-24-18-01-48-1024x768.jpg\" class=\"attachment-large size-large\" alt=\"\" srcset=\"https:\/\/sv-velmeden.de\/wp-content\/uploads\/2024\/10\/PHOTO-2024-08-24-18-01-48-1024x768.jpg 1024w, https:\/\/sv-velmeden.de\/wp-content\/uploads\/2024\/10\/PHOTO-2024-08-24-18-01-48-300x225.jpg 300w, https:\/\/sv-velmeden.de\/wp-content\/uploads\/2024\/10\/PHOTO-2024-08-24-18-01-48-768x576.jpg 768w, https:\/\/sv-velmeden.de\/wp-content\/uploads\/2024\/10\/PHOTO-2024-08-24-18-01-48-1536x1152.jpg 1536w, https:\/\/sv-velmeden.de\/wp-content\/uploads\/2024\/10\/PHOTO-2024-08-24-18-01-48.jpg 1600w\" sizes=\"(max-width: 1024px) 100vw, 1024px\" \/><\/div><!-- Story Description --><div class=\"twae-description\"><p>Die Maulwurfsperre wird eingebaut, die H\u00fctte wird saniert, Baumschnitt, regelm\u00e4\u00dfiger Rasenschnitt und vieles mehr.\u00a0<\/p><p>Die Vereinsmitglieder leisten tolle Arbeit!<\/p><\/div><\/div><\/div><!-- Story Year Label --><div class=\"twae-year twae-year-container story-year-12b97ea\">\n\t\t\t\t\t<div class=\"twae-year-label twae-year-text\">2025<\/div>\n\t\t\t\t<\/div><!-- Start of Story Repeater Content --><div id=\"story-12b97ea\" class=\"twae-story twae-repeater-item twae-story-left twae-story-no-icon\"><!-- Story Label --><div class=\"twae-labels\"><div class=\"twae-label-big\">April<\/div><\/div><!-- Story Icon --><div class=\"twae-icon\"><i aria-hidden=\"true\" class=\"far fa-clock\"><\/i><\/div><!-- Story Arrow --><div class=\"twae-arrow\"><\/div><!-- Start of Story Content --><div class=\"twae-content\"><!-- Story Title --><div class=\"twae-title\">Die ersten Spiele sind gespielt<\/div><!-- Story Image --><div class=\"twae-media large\"><img loading=\"lazy\" decoding=\"async\" width=\"1024\" height=\"683\" src=\"https:\/\/sv-velmeden.de\/wp-content\/uploads\/2025\/07\/KOL-SGM-TSGEsch-2025-4-1024x683.jpg\" class=\"attachment-large size-large\" alt=\"\" srcset=\"https:\/\/sv-velmeden.de\/wp-content\/uploads\/2025\/07\/KOL-SGM-TSGEsch-2025-4-1024x683.jpg 1024w, https:\/\/sv-velmeden.de\/wp-content\/uploads\/2025\/07\/KOL-SGM-TSGEsch-2025-4-300x200.jpg 300w, https:\/\/sv-velmeden.de\/wp-content\/uploads\/2025\/07\/KOL-SGM-TSGEsch-2025-4-768x512.jpg 768w, https:\/\/sv-velmeden.de\/wp-content\/uploads\/2025\/07\/KOL-SGM-TSGEsch-2025-4-1536x1024.jpg 1536w, https:\/\/sv-velmeden.de\/wp-content\/uploads\/2025\/07\/KOL-SGM-TSGEsch-2025-4.jpg 1800w\" sizes=\"(max-width: 1024px) 100vw, 1024px\" \/><\/div><!-- Story Description --><div class=\"twae-description\"><p>Aufgrund der Unbespielbarkeit des Platzes in Laudenbach wurde der Spielbetrieb bereits fr\u00fcher als geplant nach Velmeden verlagert<\/p>\n<p><a href=\"https:\/\/www.sgmeissner.de\/2025\/04\/14\/erfolgreiche-rueckkehr-nach-velmeden\/\">https:\/\/www.sgmeissner.de\/2025\/04\/14\/erfolgreiche-rueckkehr-nach-velmeden\/<\/a><\/p><\/div><\/div><\/div><!-- Start of Story Repeater Content --><div id=\"story-03636e1\" class=\"twae-story twae-repeater-item twae-story-right twae-story-no-icon\"><!-- Story Label --><div class=\"twae-labels\"><div class=\"twae-label-big\">Juli<\/div><\/div><!-- Story Icon --><div class=\"twae-icon\"><i aria-hidden=\"true\" class=\"far fa-clock\"><\/i><\/div><!-- Story Arrow --><div class=\"twae-arrow\"><\/div><!-- Start of Story Content --><div class=\"twae-content\"><!-- Story Title --><div class=\"twae-title\">Sportplatzeinweihung im Rahmen der 1250-Jahrfeier<\/div><!-- Story Image --><div class=\"twae-media large\"><img loading=\"lazy\" decoding=\"async\" width=\"1000\" height=\"1000\" src=\"https:\/\/sv-velmeden.de\/wp-content\/uploads\/2021\/11\/sv_velmeden_logo_1000px.jpg\" class=\"attachment-large size-large\" alt=\"\" srcset=\"https:\/\/sv-velmeden.de\/wp-content\/uploads\/2021\/11\/sv_velmeden_logo_1000px.jpg 1000w, https:\/\/sv-velmeden.de\/wp-content\/uploads\/2021\/11\/sv_velmeden_logo_1000px-300x300.jpg 300w, https:\/\/sv-velmeden.de\/wp-content\/uploads\/2021\/11\/sv_velmeden_logo_1000px-150x150.jpg 150w, https:\/\/sv-velmeden.de\/wp-content\/uploads\/2021\/11\/sv_velmeden_logo_1000px-768x768.jpg 768w\" sizes=\"(max-width: 1000px) 100vw, 1000px\" \/><\/div><\/div><\/div><\/div>\n    <div class=\"twae-end\"><\/div>\n    <\/div><style type=\"text\/css\">@media (max-width: 1024px){ .twae-wrapper{--tw-ybx-size: 80px !important;}}@media (max-width: 767px){ .twae-wrapper{--tw-ybx-size: 80px !important}}<\/style>\t\t\t\t<\/div>\n\t\t\t\t<\/div>\n\t\t\t\t\t<\/div>\n\t\t<\/div>\n\t\t\t\t\t<\/div>\n\t\t<\/section>\n\t\t\t\t<\/div>\n\t\t","protected":false},"excerpt":{"rendered":"<p>Verfolgen Sie den Verlauf der Sportplatzsanierung 2018 Irgendwann im Laufe des JahresSportplatz ist nicht mehr Nutzbar Maulw\u00fcrfe, W\u00fchlm\u00e4use, unzureichende Pflege, Wintertrainingsplatz&#8230; Es sind nur einige der Gr\u00fcnde warum der Sportplatz nicht mehr genutzt werden kann. Der schlechte Platzzustand ist seit Jahren bekannt und mit dem Ende der st\u00e4dtischen Pflegearbeiten im Rahmen des &#8222;Rettungsschirms&#8220; ist der &hellip;<\/p>\n<p class=\"read-more\"> <a class=\"\" href=\"https:\/\/sv-velmeden.de\/startseite\/projekte\/\"> <span class=\"screen-reader-text\">Sportplatzsanierung<\/span> Weiterlesen &raquo;<\/a><\/p>\n","protected":false},"author":1,"featured_media":0,"parent":0,"menu_order":0,"comment_status":"closed","ping_status":"closed","template":"","meta":{"site-sidebar-layout":"no-sidebar","site-content-layout":"page-builder","ast-global-header-display":"","ast-main-header-display":"","ast-hfb-above-header-display":"","ast-hfb-below-header-display":"","ast-hfb-mobile-header-display":"","site-post-title":"disabled","ast-breadcrumbs-content":"","ast-featured-img":"disabled","footer-sml-layout":"","theme-transparent-header-meta":"","adv-header-id-meta":"","stick-header-meta":"","header-above-stick-meta":"","header-main-stick-meta":"","header-below-stick-meta":"","footnotes":""},"class_list":["post-147","page","type-page","status-publish","hentry"],"_links":{"self":[{"href":"https:\/\/sv-velmeden.de\/startseite\/wp-json\/wp\/v2\/pages\/147","targetHints":{"allow":["GET"]}}],"collection":[{"href":"https:\/\/sv-velmeden.de\/startseite\/wp-json\/wp\/v2\/pages"}],"about":[{"href":"https:\/\/sv-velmeden.de\/startseite\/wp-json\/wp\/v2\/types\/page"}],"author":[{"embeddable":true,"href":"https:\/\/sv-velmeden.de\/startseite\/wp-json\/wp\/v2\/users\/1"}],"replies":[{"embeddable":true,"href":"https:\/\/sv-velmeden.de\/startseite\/wp-json\/wp\/v2\/comments?post=147"}],"version-history":[{"count":45,"href":"https:\/\/sv-velmeden.de\/startseite\/wp-json\/wp\/v2\/pages\/147\/revisions"}],"predecessor-version":[{"id":1100,"href":"https:\/\/sv-velmeden.de\/startseite\/wp-json\/wp\/v2\/pages\/147\/revisions\/1100"}],"wp:attachment":[{"href":"https:\/\/sv-velmeden.de\/startseite\/wp-json\/wp\/v2\/media?parent=147"}],"curies":[{"name":"wp","href":"https:\/\/api.w.org\/{rel}","templated":true}]}}